 to base 3
-212220222112
Convert 197a9 (base 12) to base 3.
1220100010
Convert 2885a30 (base 13) to base 7.
214231524
-516909 (base 12) to base 15
-1a3399
401003310 (base 6) to base 7
111336414
What is -110230210 (base 5) in base 4?
-1310130002
What is 10011101100000101110001 (base 2) in base 10?
5161329
What is 220313142 (base 5) in base 14?
1a964a
What is -40240c (base 13) in base 11?
-928717
What is 11122020011111 (base 3) in base 5?
1112333440
-1221000101 (base 4) to base 10
-430097
Convert -5756a2 (base 11) to base 12.
-381797
-11212100120101 (base 3) to base 9
-4770511
What is 224405111 (base 6) in base 12?
1476797
What is 10032224 (base 5) in base 14?
213aa
Convert -3433241 (base 8) to base 3.
-1202022202121
Convert 2021111211 (base 3) to base 8.
127452
-594a1 (base 14) to base 11
-139620
What is 82011 (base 9) in base 12?
27284
-12100210011011 (base 3) to base 2
-1010110111101111101101
65223 (base 9) to base 14
11a54
What is -1ba6a (base 15) in base 12?
-44184
Convert -82194 (base 12) to base 4.
-221122000
-2221003033 (base 4) to base 14
-1404b5
Convert 4a30aa (base 14) to base 7.
30423303
What is ef1807 (base 16) in base 12?
52b7a33
1311322 (base 6) to base 12
35542
Convert 1273800 (base 10) to base 16.
136fc8
Convert -2723c1 (base 15) to base 12.
-768477
Convert -50d84 (base 14) to base 5.
-22212434
Convert 1948a36 (base 11) to base 5.
1320311411
Convert -1769e1 (base 15) to base 14.
-21811a
What is -413321 (base 12) in base 15?
-152ada
32a2281 (base 11) to base 2
10110000100101001001100
What is a712 (base 15) in base 5?
2112332
-67567322 (base 8) to base 2
-110111101110111011010010
Convert -10010012210 (base 3) to base 5.
-3431032
Convert -417268 (base 9) to base 5.
-30414314
59b03 (base 15) to base 6
10043550
-111001011101001101 (base 2) to base 12
-b4239
Convert -105126 (base 10) to base 11.
-71a8a
1dd66a (base 16) to base 5
1000033214
-10101010100011 (base 2) to base 9
-15867
What is -738373 (base 10) in base 2?
-10110100010001000101
Convert 1c29b5 (base 13) to base 15.
e355d
What is -2500134 (base 6) in base 9?
-221364
2a116 (base 12) to base 7
333522
-1250014 (base 6) to base 8
-206132
-30efb0 (base 16) to base 7
-36155053
Convert -89a91a (base 12) to base 15.
-2d596d
-3861898 (base 10) to base 13
-a52a61
What is 7aa12 (base 13) in base 7?
1620621
What is -5525330 (base 7) in base 13?
-1aa071
Convert -109e0d (base 16) to base 15.
-167a27
Convert -2603a7 (base 13) to base 11.
-575171
Convert 1340352 (base 6) to base 15.
174a8
What is -40065632 (base 8) in base 12?
-299a562
664200 (base 7) to base 14
30770
Convert 13412412 (base 5) to base 7.
1114511
Convert 4c8b2 (base 13) to base 12.
6a2a1
-240551 (base 6) to base 9
-31654
Convert -562226 (base 8) to base 14.
-4d142
Convert 2000011122 (base 5) to base 12.
1385025
What is -11544202 (base 6) in base 14?
-995c6
What is 3385125 (base 9) in base 4?
12332031323
-44563 (base 14) to base 13
-5a569
Convert -7270343 (base 8) to base 16.
-1d70e3
2fb2c (base 16) to base 5
22222442
Convert 30201133311 (base 4) to base 11.
1942575
What is -10300320 (base 4) in base 10?
-19512
What is -515450 (base 9) in base 6?
-10315500
497103 (base 10) to base 14
cd235
Convert 100001100101100100000110 (base 2) to base 12.
2b4731a
Convert 110111111110001110 (base 2) to base 13.
80477
Convert 13022332123 (base 4) to base 9.
3474737
-2514244 (base 6) to base 4
-200310310
What is -35550234 (base 6) in base 5?
-241243132
Convert a9901 (base 11) to base 8.
467367
120123401 (base 5) to base 15
ad71b
Convert 554a3 (base 16) to base 4.
1111102203
Convert -3241064 (base 9) to base 7.
-20533201
1730400 (base 10) to base 15
242aa0
Convert -1ed7a (base 16) to base 9.
-212256
-4135140 (base 6) to base 4
-300230010
Convert -100102020211111 (base 3) to base 8.
-23056257
What is 64010605 (base 7) in base 3?
101012002101001
What is -120861c (base 14) in base 12?
-2a81302
What is -1230623 (base 9) in base 6?
-22204333
What is -764722 (base 9) in base 14?
-bc388
Convert 108867 (base 9) to base 7.
362140
Convert -100100011011101111100 (base 2) to base 7.
-13101422
Convert -281405 (base 13) to base 7.
-11164340
-6b498 (base 12) to base 8
-431364
Convert -6a5117 (base 12) to base 10.
-1709155
Convert 235440530 (base 7) to base 11.
8307510
20205063 (base 8) to base 4
100100220303
422b2 (base 12) to base 10
86822
20454332 (base 8) to base 4
100211203122
Convert 58a0 (base 11) to base 3.
101121102
Convert -134285 (base 10) to base 7.
-1066334
-b38 (base 15) to base 10
-2528
-2727336 (base 8) to base 7
-6336152
214135 (base 10) to base 12
a3b07
a48bb (base 12) to base 7
1555322
What is -24fca0 (base 16) in base 9?
-4504047
Convert -1001100010100000 (base 2) to base 16.
-98a0
Convert 5d91b0 (base 14) to base 3.
20001021012021
6838770 (base 11) to base 12
4014b85
Convert -1d943 (base 16) to base 4.
-131211003
-101000110100010111001010 (base 2) to base 12
-3700322
18a1b (base 15) to base 6
1413525
-231402 (base 8) to base 5
-10003334
What is 1001010100010110011001 (base 2) in base 10?
2442649
6aeea (base 15) to base 12
14531a
-157b4 (base 13) to base 15
-c1a1
What is 250415 (base 8) in base 16?
1510d
-875499 (base 10) to base 7
-10304322
What is 452a64 (base 12) in base 13?
2c8657
-15316031 (base 7) to base 8
-5460502
Convert 225062 (base 7) to base 11.
28203
What is -31621201 (base 7) in base 2?
-1010010001110011011100
Convert c79c3 (base 14) to base 8.
1655527
Convert -102120000221 (base 3) to base 13.
-7c6cc
Convert -1111100111110010001 (base 2) to base 8.
-1747621
Convert -1100032311 (base 4) to base 8.
-1201665
What is 120405231 (base 6) in base 12?
916817
Convert 6ba310 (base 13) to base 2.
1001110010000101000011
What is -842 (base 9) in base 11?
-574
What is -13150112 (base 9) in base 3?
-110011200010102
Convert -3e331 (base 15) to base 16.
-30ca6
11101001101110110 (base 2) to base 13
42615
95803 (base 16) to base 15
c168a
What is 11720105 (base 8) in base 7?
31034143
What is bd482 (base 15) in base 12?
2502b8
What is -62c14b (base 14) in base 3?
-20021112110101
-302123220 (base 4) to base 6
-4232200
What is -1044312 (base 8) in base 13?
-9aa54
What is -25054265 (base 7) in base 13?
-6097a9
Convert 10427313 (base 9) to base 15.
697980
155404321 (base 6) to base 11
1984995
132442 (base 9) to base 10
80552
293978 (base 11) to base 12
1a1792
What is -53838 (base 10) in base 3?
-2201212000
Convert -8db874 (base 15) to base 4.
-121311112333
-4414030 (base 6) to base 4
-311230002
What is 202121121222 (base 3) in base 11?
257963
What is 11374 (base 11) in base 7?
65601
Convert 173165 (base 12) to base 3.
202021212012
What is -145323 (base 7) in base 2?
-110111010000010
Convert -1215521 (base 8) to base 11.
-209499
1348db (base 14) to base 7
5442064
343824 (base 12) to base 13
233578
510143453 (base 6) to base 12
2ab1b89
Convert -11320322 (base 4) to base 9.
-36072
101000021212 (base 3) to base 11
12504a
What is -381e9b (base 15) in base 7?
-31601654
100112210120112 (base 3) to base 4
103112311103
What is -70687 (base 15) in base 4?
-1112320030
110101000111011110 (base 2) to base 16
351de
What is fa77 (base 16) in base 5?
4022434
-531853 (base 10) to base 15
-a78bd
Convert 1011121110 (base 3) to base 2.
101101000000011
What is -10320020120 (base 4) in base 13?
-359c03
What is 35761a (base 13) in base 11?
79a554
Convert 100010100220220 (base 3) to base 14.
903311
What is 101462003 (base 7) in base 13?
130ac69
5a4267 (base 11) to base 16
e9b78
-119308 (base 11) to base 13
-6778a
Convert -10103112 (base 5) to base 7.
-460032
-120011210212110 (base 3) to base 12
-284bba9
What is 5416460 (base 7) in base 8?
2411312
14004145 (base 8) to base 14
5bd285
What is 2533141 (base 8) in base 9?
1280024
Convert -23312123 (base 4) to base 3.
-2110120202
Convert 2605784 (base 9) to base 3.
2200012212211
Convert 14ad21 (base 15) to base 7.
11326213
What is -3032254 (base 6) in base 13?
-50953
Convert -4421452 (base 7) to base 13.
-16032a
-355d6 (base 14) to base 7
-1051256
Convert 1210122201 (base 5) to base 14.
53494c
Convert -13231243 (base 5) to base 14.
-36831
Convert -522a52 (base 12) to base 2.
-100111011000101011110
What is -799248 (base 12) in base 10?
-1944344
What is -629969 (base 12) in base 9?
-2824100
What is -302429 (base 10) in base 4